git of 18254?
2
What is the ten thousands digit of 15992?
1
What is the tens digit of 1280116?
1
What is the hundred thousands digit of 1506045?
5
What is the hundred thousands digit of 332620?
3
What is the hundred thousands digit of 865176?
8
What is the units digit of 853537?
7
What is the hundreds digit of 492057?
0
What is the thousands digit of 2159750?
9
What is the ten millions digit of 12618714?
1
What is the units digit of 288511?
1
What is the hundreds digit of 534935?
9
What is the hundreds digit of 7587235?
2
What is the millions digit of 10171027?
0
What is the ten thousands digit of 5735882?
3
What is the ten thousands digit of 1732958?
3
What is the hundreds digit of 531413?
4
What is the ten thousands digit of 786664?
8
What is the millions digit of 1351084?
1
What is the hundreds digit of 428767?
7
What is the ten thousands digit of 17132800?
3
What is the thousands digit of 603178?
3
What is the thousands digit of 174720?
4
What is the hundreds digit of 763974?
9
What is the ten thousands digit of 2750394?
5
What is the thousands digit of 188531?
8
What is the ten thousands digit of 459244?
5
What is the hundred thousands digit of 24034174?
0
What is the thousands digit of 2140345?
0
What is the millions digit of 5433861?
5
What is the units digit of 1587461?
1
What is the ten thousands digit of 8173041?
7
What is the tens digit of 5582407?
0
What is the ten thousands digit of 11500396?
0
What is the tens digit of 6823897?
9
What is the ten thousands digit of 33873?
3
What is the tens digit of 4407256?
5
What is the units digit of 22930655?
5
What is the thousands digit of 164776?
4
What is the thousands digit of 87634?
7
What is the units digit of 978909?
9
What is the hundred thousands digit of 187095?
1
What is the thousands digit of 1824781?
4
What is the ten thousands digit of 444991?
4
What is the ten thousands digit of 551534?
5
What is the hundreds digit of 2565422?
4
What is the units digit of 690175?
5
What is the ten thousands digit of 6156321?
5
What is the units digit of 300719?
9
What is the hundreds digit of 10716408?
4
What is the tens digit of 397417?
1
What is the units digit of 1084052?
2
What is the tens digit of 45712?
1
What is the tens digit of 549953?
5
What is the millions digit of 5287373?
5
What is the hundreds digit of 1178789?
7
What is the hundred thousands digit of 28639516?
6
What is the millions digit of 1754365?
1
What is the thousands digit of 25392983?
2
What is the hundred thousands digit of 6919122?
9
What is the ten thousands digit of 1146724?
4
What is the units digit of 281882?
2
What is the hundreds digit of 999771?
7
What is the hundreds digit of 703147?
1
What is the millions digit of 22140497?
2
What is the tens digit of 1265053?
5
What is the ten thousands digit of 311522?
1
What is the ten thousands digit of 45057?
4
What is the units digit of 43212?
2
What is the tens digit of 24465368?
6
What is the ten thousands digit of 1354111?
5
What is the ten millions digit of 23645013?
2
What is the hundred thousands digit of 117407?
1
What is the units digit of 323148?
8
What is the tens digit of 20454292?
9
What is the thousands digit of 3827763?
7
What is the ten thousands digit of 569018?
6
What is the thousands digit of 8863991?
3
What is the thousands digit of 91620?
1
What is the hundred thousands digit of 1264441?
2
What is the thousands digit of 5336931?
6
What is the ten thousands digit of 3946259?
4
What is the ten thousands digit of 473621?
7
What is the units digit of 93800?
0
What is the ten thousands digit of 122009?
2
What is the ten thousands digit of 1840516?
4
What is the ten millions digit of 15531435?
1
What is the tens digit of 292782?
8
What is the hundred thousands digit of 257938?
2
What is the hundred thousands digit of 369158?
3
What is the ten thousands digit of 5688173?
8
What is the ten thousands digit of 38646933?
4
What is the ten thousands digit of 342948?
4
What is the hundreds digit of 12373253?
2
What is the units digit of 14396746?
6
What is the hundred thousands digit of 559593?
5
What is the hundreds digit of 12518602?
6
What is the thousands digit of 31463147?
3
What is the ten thousands digit of 175033?
7
What is the tens digit of 1232040?
4
What is the ten thousands digit of 5679111?
7
What is the hundred thousands digit of 117421?
1
What is the hundreds digit of 17779988?
9
What is the hundred thousands digit of 2455808?
4
What is the tens digit of 25509?
0
What is the thousands digit of 1974577?
4
What is the hundreds digit of 65036?
0
What is the tens digit of 3825235?
3
What is the hundreds digit of 430364?
3
What is the thousands digit of 598541?
8
What is the units digit of 12147650?
0
What is the thousands digit of 999952?
9
What is the tens digit of 202526?
2
What is the tens digit of 11514739?
3
What is the ten thousands digit of 14264124?
6
What is the hundred thousands digit of 4072246?
0
What is the units digit of 70975?
5
What is the hundred thousands digit of 675842?
6
What is the thousands digit of 79722?
9
What is the ten thousands digit of 9327776?
2
What is the hundred thousands digit of 1190838?
1
What is the hundred thousands digit of 4867227?
8
What is the units digit of 314817?
7
What is the units digit of 207365?
5
What is the hundreds digit of 567066?
0
What is the thousands digit of 986167?
6
What is the hundreds digit of 609351?
3
What is the tens digit of 2563615?
1
What is the tens digit of 48182?
8
What is the thousands digit of 463332?
3
What is the tens digit of 276588?
8
What is the units digit of 7567758?
8
What is the tens digit of 27008902?
0
What is the tens digit of 181379?
7
What is the hundred thousands digit of 2086755?
0
What is the ten thousands digit of 33220?
3
What is the millions digit of 4716247?
4
What is the millions digit of 1351797?
1
What is the hundred thousands digit of 880927?
8
What is the hundreds digit of 1712807?
8
What is the units digit of 550741?
1
What is the units digit of 10653?
3
What is the millions digit of 6370611?
6
What is the units digit of 4896?
6
What is the units digit of 1416948?
8
What is the tens digit of 79491?
9
What is the ten millions digit of 14934400?
1
What is the tens digit of 16262?
6
What is the ten thousands digit of 6028298?
2
What is the thousands digit of 1141407?
1
What is the thousands digit of 850295?
0
What is the ten thousands digit of 17303115?
0
What is the tens digit of 41337?
3
What is the hundreds digit of 8696848?
8
What is the thousands digit of 482397?
2
What is the ten thousands digit of 234019?
3
What is the hundreds digit of 230387?
3
What is the tens digit of 1843739?
3
What is the ten thousands digit of 7274313?
7
What is the hundreds digit of 25112133?
1
What is the hundred thousands digit of 12943623?
9
What is the ten thousands digit of 440408?
4
What is the ten thousands digit of 5312366?
1
What is the units digit of 162165?
5
What is the hundreds digit of 769212?
2
What is the ten millions digit of 12217771?
1
What is the tens digit of 6002399?
9
What is the millions digit of 2780969?
2
What is the units digit of 5621202?
2
What is the ten thousands digit of 6888846?
8
What is the thousands digit of 2344685?
4
What is the thousands digit of 185203?
5
What is the hundreds digit of 160811?
8
What is the hundred thousands digit of 437705?
4
What is the hundred thousands digit of 119782?
1
What is the tens digit of 6504624?
2
What is the hundreds digit of 561209?
2
What is the hundreds digit of 609977?
9
What is the tens digit of 6208797?
9
What is the hundreds digit of 121514?
5
What is the hundred thousands digit of 5724037?
7
What is the tens digit of 2029682?
8
What is the thousands digit of 159833?
9
What is the tens digit of 424412?
1
What is the tens digit of 549732?
3
What is the millions digit of 9923382?
9
What is the tens digit of 1830598?
9
What is the hundred thousands digit of 872775?
8
What is the thousands digit of 90452?
0
What is the tens digit of 1730135?
3
What is the millions digit of 1294882?
1
What is the thousands digit of 21445824?
5
What is the hundreds digit of 4496415?
4
What is the tens digit of 220904?
0
What is the ten thousands digit of 8272410?
7
What is the ten thousands digit of 1072812?
7
What is